 prime factors of 3948?
2, 3, 7, 47
List the prime factors of 1012.
2, 11, 23
List the prime factors of 3282.
2, 3, 547
List the prime factors of 57269.
57269
What are the prime factors of 7304?
2, 11, 83
What are the prime factors of 40?
2, 5
List the prime factors of 4912.
2, 307
List the prime factors of 1877.
1877
List the prime factors of 7824.
2, 3, 163
List the prime factors of 88877.
31, 47, 61
List the prime factors of 1004.
2, 251
What are the prime factors of 3419?
13, 263
List the prime factors of 3327.
3, 1109
What are the prime factors of 1459?
1459
List the prime factors of 65376.
2, 3, 227
List the prime factors of 55982.
2, 23, 1217
List the prime factors of 2345.
5, 7, 67
What are the prime factors of 45445?
5, 61, 149
What are the prime factors of 7415?
5, 1483
List the prime factors of 84724.
2, 59, 359
List the prime factors of 1364.
2, 11, 31
List the prime factors of 28767.
3, 43, 223
What are the prime factors of 1572?
2, 3, 131
List the prime factors of 58424.
2, 67, 109
List the prime factors of 818.
2, 409
What are the prime factors of 68798?
2, 41, 839
List the prime factors of 24035.
5, 11, 19, 23
What are the prime factors of 4913?
17
What are the prime factors of 2802?
2, 3, 467
What are the prime factors of 9165?
3, 5, 13, 47
List the prime factors of 619.
619
What are the prime factors of 1921?
17, 113
List the prime factors of 410.
2, 5, 41
What are the prime factors of 91991?
67, 1373
What are the prime factors of 910?
2, 5, 7, 13
What are the prime factors of 7793?
7793
List the prime factors of 64352.
2, 2011
List the prime factors of 2363.
17, 139
List the prime factors of 18794.
2, 9397
What are the prime factors of 31393?
31393
What are the prime factors of 4174?
2, 2087
What are the prime factors of 15660?
2, 3, 5, 29
List the prime factors of 8841.
3, 7, 421
List the prime factors of 3707.
11, 337
What are the prime factors of 1754?
2, 877
List the prime factors of 1023.
3, 11, 31
List the prime factors of 241.
241
What are the prime factors of 401?
401
List the prime factors of 21326.
2, 10663
What are the prime factors of 892?
2, 223
What are the prime factors of 26272?
2, 821
What are the prime factors of 23963?
31, 773
What are the prime factors of 2285?
5, 457
What are the prime factors of 10371?
3, 3457
List the prime factors of 752.
2, 47
What are the prime factors of 2413?
19, 127
What are the prime factors of 273?
3, 7, 13
What are the prime factors of 1084?
2, 271
What are the prime factors of 45302?
2, 22651
List the prime factors of 1440.
2, 3, 5
What are the prime factors of 42767?
42767
What are the prime factors of 31324?
2, 41, 191
List the prime factors of 1050.
2, 3, 5, 7
List the prime factors of 4284.
2, 3, 7, 17
List the prime factors of 4935.
3, 5, 7, 47
What are the prime factors of 3204?
2, 3, 89
List the prime factors of 42802.
2, 21401
List the prime factors of 4897.
59, 83
What are the prime factors of 4789?
4789
List the prime factors of 10063.
29, 347
What are the prime factors of 4678?
2, 2339
What are the prime factors of 158978?
2, 29, 2741
List the prime factors of 13106.
2, 6553
What are the prime factors of 60?
2, 3, 5
What are the prime factors of 28884?
2, 3, 29, 83
List the prime factors of 2774.
2, 19, 73
What are the prime factors of 20829?
3, 53, 131
List the prime factors of 9564.
2, 3, 797
What are the prime factors of 39072?
2, 3, 11, 37
What are the prime factors of 2254?
2, 7, 23
What are the prime factors of 155?
5, 31
List the prime factors of 10800.
2, 3, 5
List the prime factors of 930.
2, 3, 5, 31
What are the prime factors of 40686?
2, 3, 6781
List the prime factors of 3582.
2, 3, 199
What are the prime factors of 880?
2, 5, 11
List the prime factors of 63660.
2, 3, 5, 1061
What are the prime factors of 11066?
2, 11, 503
List the prime factors of 4519.
4519
What are the prime factors of 9846?
2, 3, 547
List the prime factors of 4885.
5, 977
What are the prime factors of 3412?
2, 853
List the prime factors of 8021.
13, 617
What are the prime factors of 1509?
3, 503
What are the prime factors of 1371?
3, 457
List the prime factors of 27187.
31, 877
What are the prime factors of 2983?
19, 157
List the prime factors of 626.
2, 313
List the prime factors of 740.
2, 5, 37
List the prime factors of 30797.
13, 23, 103
List the prime factors of 11848.
2, 1481
List the prime factors of 1639.
11, 149
What are the prime factors of 19?
19
List the prime factors of 21121.
21121
What are the prime factors of 10976?
2, 7
List the prime factors of 28510.
2, 5, 2851
List the prime factors of 4123.
7, 19, 31
List the prime factors of 359.
359
List the prime factors of 17231.
17231
List the prime factors of 2060.
2, 5, 103
List the prime factors of 40505.
5, 8101
List the prime factors of 62889.
3, 20963
List the prime factors of 1545.
3, 5, 103
List the prime factors of 175.
5, 7
List the prime factors of 9614.
2, 11, 19, 23
What are the prime factors of 7923?
3, 19, 139
List the prime factors of 37712.
2, 2357
What are the prime factors of 21543?
3, 43, 167
What are the prime factors of 1061?
1061
What are the prime factors of 700?
2, 5, 7
List the prime factors of 1462.
2, 17, 43
What are the prime factors of 318?
2, 3, 53
List the prime factors of 17584.
2, 7, 157
What are the prime factors of 8447?
8447
List the prime factors of 14893.
53, 281
List the prime factors of 222.
2, 3, 37
List the prime factors of 26626.
2, 13313
What are the prime factors of 1416?
2, 3, 59
What are the prime factors of 40464?
2, 3, 281
List the prime factors of 4775.
5, 191
What are the prime factors of 47889?
3, 17, 313
What are the prime factors of 121899?
3, 179, 227
List the prime factors of 627.
3, 11, 19
List the prime factors of 16105.
5, 3221
What are the prime factors of 2376?
2, 3, 11
What are the prime factors of 6277?
6277
List the prime factors of 2084.
2, 521
List the prime factors of 2605.
5, 521
List the prime factors of 57.
3, 19
List the prime factors of 1500.
2, 3, 5
List the prime factors of 979.
11, 89
What are the prime factors of 55873?
59, 947
What are the prime factors of 114784?
2, 17, 211
List the prime factors of 100982.
2, 7, 7213
List the prime factors of 5612.
2, 23, 61
What are the prime factors of 986?
2, 17, 29
List the prime factors of 59198.
2, 29599
List the prime factors of 6.
2, 3
What are the prime factors of 23869?
23869
List the prime factors of 14870.
2, 5, 1487
What are the prime factors of 1588?
2, 397
What are the prime factors of 5669?
5669
List the prime factors of 8539.
8539
What are the prime factors of 89344?
2, 349
What are the prime factors of 8544?
2, 3, 89
List the prime factors of 27575.
5, 1103
What are the prime factors of 8387?
8387
List the prime factors of 2666.
2, 31, 43
What are the prime factors of 6618?
2, 3, 1103
List the prime factors of 652.
2, 163
What are the prime factors of 990?
2, 3, 5, 11
List the prime factors of 5949.
3, 661
List the prime factors of 151.
151
List the prime factors of 48021.
3, 16007
List the prime factors of 1921.
17, 113
What are the prime factors of 31555?
5, 6311
What are the prime factors of 873?
3, 97
What are the prime factors of 3592?
2, 449
List the prime factors of 171652.
2, 13, 3301
What are the prime factors of 87911?
87911
List the prime factors of 11.
11
List the prime factors of 15502.
2, 23, 337
List the prime factors of 11494.
2, 7, 821
List the prime factors of 55132.
2, 7, 11, 179
List the prime factors of 6563.
6563
List the prime factors of 26781.
3, 79, 113
List the prime factors of 61682.
2, 30841
What are the prime factors of 15295?
5, 7, 19, 23
What are the prime factors of 1793?
11, 163
What are the prime factors of 1590?
2, 3, 5, 53
List the prime factors of 88.
2, 11
List the prime factors of 10932.
2, 3, 911
What are the prime factors of 34324?
2, 8581
What are the prime factors of 125747?
41, 3067
What are the prime factors of 32161?
29, 1109
List the prime factors of 10338.
2, 3, 1723
What are the prime factors of 16909?
37, 457
What are the prime factors of 1427?
1427
What are the prime factors of 61322?
2, 30661
List the prime factors of 18769.
137
What are the prime factors of 23055?
3, 5, 29, 53
List the prime factors of 131080.
2, 5, 29, 113
List the prim